+ (-9 - -20 - 4)
16
Calculate -2 + -19 + 23 + (-4 - -20).
18
Calculate 6 + (7 - -4) + -4 + 4.
17
(-1 - -3) + -2 - ((17 - 11) + 10)
-16
Calculate (82 + -8 - 66) + (-2 - 19) + 1.
-12
What is the value of (1 + 0 - 2) + (23 - 10) + 6?
18
Evaluate -27 - -29 - (5 - 13).
10
4 + (9 - (-9 + 11)) + -9 - -2
4
(7 - -2) + (6 - 17) - 3
-5
What is -43 + 40 - (0 - -5)?
-8
Evaluate -7 - (-45 + 4 + 9 - (-2 - -1)).
24
2 + -5 + 4 + -2 + 1 + -3
-3
What is 0 - (6 + (-12 - 5) + 3)?
8
-5 + (11 - (4 - 7 - -4) - 4)
1
What is -2 + 20 + -2 + -9 - -5 - 2?
10
What is the value of (-17 - -2 - -2) + (-4 - 2 - -8)?
-11
7 - (32 + -7 + 12 + 9 - 10)
-29
What is the value of (5 + 5 - 18 - -15) + (4 - 8)?
3
Calculate (17 - (22 - 14)) + -21 + 0.
-12
What is the value of 20 + (-12 + -4 + 12 - 7)?
9
-72 + 7 + 21 + 34
-10
Evaluate (31 - (1 - -16)) + -12.
2
What is the value of 6 + 61 + -14 + -30?
23
What is 10 + (3 + 3 - (7 - -2))?
7
7 + -2 + 7 + 0 + -7 + 4
9
What is the value of 16 - (12 + (23 - 19))?
0
What is 10 + 2 - (2 - ((7 - 4) + -3))?
10
What is (-12 - (15 + -10)) + (1 - 1)?
-17
-1 + -2 - (-5 + 6 + -9)
5
Evaluate 5 - (22 + -3 + -27).
13
Evaluate 4 + (-11 + 0 - 5).
-12
Calculate (-12 - (8 + -17)) + -4 + 2.
-5
1 + -16 - (-274 + 263) - 19
-23
What is the value of 28 + (-35 - -18) + 1?
12
What is the value of -22 + 4 + 11 + -6 - (-1 - -12)?
-24
1 + -5 + -13 + -2 + 30
11
Calculate (-2 - -3 - 6) + 12 + -11 + 22.
18
(11 - 16) + 0 + 5 + -6 + 9
3
Evaluate -7 - -4 - (11 + (12 - (-10 + 24))).
-12
-92 - (-49 - 33) - (-6 + (1 - 2))
-3
Evaluate 0 - (2 + -4) - (40 + -28 - 12).
2
What is the value of (21 + -4 - 19) + 1 - 8?
-9
What is the value of -1 + -27 + 35 + (-4 - 0)?
3
Calculate 3 - (13 - (24 - (13 + 3))).
-2
-19 + -2 - (-96 + 81)
-6
What is (-4 + (2 - 26) - -8) + 3 + -1?
-18
What is (-6 - (-3 + (10 + 11 - 9))) + -3?
-18
Evaluate -6 + (-5 - 0) - (-12 - 37 - -5).
33
-6 - (11 + -9 + 5 + -7)
-6
-11 + -20 + 16 - -16
1
What is the value of 2 + -5 + 5 + (-1 - 0) + -5?
-4
(0 - (1 - 4)) + -9 + (11 - 6)
-1
Calculate ((6 - (1 - 5)) + -4 - -5) + -20.
-9
What is the value of 4 + -24 + (-11 - -20)?
-11
What is -3 - 1 - ((-11 - 1) + 15) - 6?
-13
2 - (-1 + -3 + 12 + 0)
-6
What is 50 + -52 + 1 + 4 + 2?
5
Evaluate 27 + (49 - 29) + -32.
15
What is -15 - (7 - 20) - -8?
6
What is the value of (5 - 23) + 93 + -112 + (7 - -1)?
-29
What is 8 + (-80 - -72) + (-5 - 1) - -32?
26
Calculate 13 + 1 - (45 - -14 - 40).
-5
-4 + (8 - -4 - 25) - -19
2
Evaluate -1 - 7 - ((9 - 15) + -2).
0
Evaluate (-7 + 4 + 21 - -5) + -1.
22
What is -36 - (-19 - 4 - -12)?
-25
What is 35 - (-16 - (22 - 37))?
36
What is the value of -16 - (-31 - (3 + -17))?
1
Calculate -8 + (3 - -4) + 5.
4
-17 + (-15 - (-42 + -2))
12
(12 - 6 - 16) + 6 + -7 + -7
-18
What is -3 + (-2 - 4) + (-1528 - -1577)?
40
Calculate -12 - (-1 + (-21 - -16 - (6 - 4))).
-4
-16 + (0 - 2) + -10 + -52 + 60
-20
-541 + 550 + (0 + 0 - 22)
-13
What is the value of -36 + -24 + 14 + 46?
0
Evaluate -43 + (37 + 0 - 18).
-24
Evaluate (-15 - (-10 + 3)) + 13 - (-1 - 12).
18
Calculate (-7 - (1 + 3 + -4)) + 3 - -20.
16
Evaluate 18 - (20 - (3 + 8)).
9
Evaluate -8 + (-2 - (3 - 15) - (11 - 7)).
-2
Calculate (121 - 119) + -12 + 1 - -11.
2
4 - (-6 + 2 + 1) - (3 + 1)
3
What is -1 + (1 - -5) - 12 - (-3 - 18)?
14
(-4 - (11 - 7)) + (8 - 3)
-3
(10 - -80) + -53 + -12 + -2 + 3
26
What is the value of 1 + -4 - ((-4 + 9 - -11) + -3)?
-16
Evaluate -4 + 1 + 15 + 0 + 23.
35
Calculate (-10 - 6) + 5 + 21 + -25.
-15
What is the value of 1 + (-3 - -4) + (6 - (-1 + -4))?
13
Evaluate 22 + 11 + (-3 - 13).
17
Evaluate -4 - (1 - (-5 + 0)).
-10
What is the value of -2 + -1 - (-11 + 9 + 0)?
-1
Calculate -1 + -16 + -6 + (6 - 1) + 1.
-17
What is the value of 0 - (-8 - (6 + (-14 - (4 - 11))))?
7
What is the value of 1 + (-8 + 7 + -1 - -9)?
8
Evaluate 3 - 0 - ((-1 - 2) + 6 - -11).
-11
Calculate (-73 + 37 - -1) + 35.
0
Evaluate -5 + (-4 - -16 - -6).
13
Calculate 3 + (6 + -13 - (-2 + 0)) + 17.
15
Calculate 8 + -3 + (1 - (14 - 9)).
1
Calculate -13 + 1 - (-9 + 1).
-4
12 + (13 - 7) + -20
-2
-4 + (11 - 4) - (-383 + 380)
6
Evaluate 51 - ((-18 - -8) + 32).
29
9 + 6 + (-8 - -13 - 13)
7
What is the value of -37 + -38 + 80 - (0 - 18 - -3)?
20
17 + 36 + (1 - 30)
24
18 + -16 + (-2 - -10) - 1
9
Evaluate (65 - 34 - 22) + -6.
3
Evaluate -6 + -24 + 47 + (1 - 1).
17
Calculate -1 + -1 + -4 + (6 - 3).
-3
(7 - (-6 - -9)) + -7 + 16 + -7
6
Calculate (-26 - 5) + -69 + 83.
-17
Evaluate (1 + -2 - -9) + (45 - 49).
4
What is the value of 8 + -3 - (16 + -36 - -15)?
10
What is (-4 - (0 - 10)) + -2?
4
What is the value of (1132 - 1122) + 11 + 0 + -2?
19
What is 1 + -3 + 3 + (-122 - -113)?
-8
-176 + 175 - (9 - 0) - -3
-7
Evaluate 43 - ((63 - 37) + 11).
6
Evaluate -26 + 51 + (-2 - 10) + 8.
21
What is (-22 - -35 - 27) + -8?
-22
What is -2 - -1 - (10 + -20) - (6 - 4)?
7
What is 4 + 1 - (3 - 7 - -4) - -2?
7
-49 + 45 + 11 + 0
7
-2 + 0 + (133 - 106) + -4 + -6
15
What is the value of -8 + 6 + 10 + -32 - -6?
-18
Calculate (65 - 0) + -1197 + 1160.
28
Calculate -122 + 117 + (3 - -1) + 0 + 20.
19
Evaluate 15 + -16 - 7 - (-1 + -5 + -5).
3
What is the value of -2 + (5 - 0 - 13 - -14)?
4
(6 - 2) + (99 - 89)
14
What is the value of -16 + 5 + 1 + (14 - 17 - 10)?
-23
Calculate 23 + (18 - 59) + 42.
24
Evaluate (0 - 0 - -6) + -7 + 89 + -68.
20
Calculate (0 - -4) + (-7 - 19).
-22
What is the value of (-16 - -19) + (-1 + 5 - 0)?
7
What is the value of 25 - 17 - 1 - (-2 - -1)?
8
What is (15 - 3) + 4 + (-35 - 0)?
-19
Evaluate -20 + (0 + 1 + -2 - 3).
-24
Evaluate (73 - 64) + -2 + 1 + (4 - 4).
8
Calculate -6 - ((-13 + 6 - -12 - 8) + 12).
-15
What is the value of 108 - 106 - (-7 + -3 + 1 + 3)?
8
What is (4 - -4 - 29) + 9 - -7?
-5
What is 18 + -1 - (47 - -52 - 71)?
-11
Calculate 6 - (-4 - (11 + -4 + -26)).
-9
What is the value of 9 + -2 + (-3 - -4) + -2 - -2?
8
Calculate -21 + (2 - 27) + 28.
-18
Calculate (4 + -2 - (-40 + 34)) + 33.
41
What is the value of (2 - 1) + (72 + -13 - 51)?
9
Evaluate -17 - (27 + -14) - (1 - 13).
-18
What is the value of -68 - -65 - (-6 - -4 - -6)?
-7
What is the value of 43 + -35 - (5 - (-4 + 3 - 29))?
-27
Calculate 54 + -26 + -4 + 0 + -5.
19
(-4 - (4 - 16)) + (30 + -32 - -1)
7
-1 - (-4 + (8 - 1 - 7)) - -8
11
What is 51 + 59 + -98 + -12 + 0?
0
-8 - (11 - 13) - 6
-12
What is 13 + (-2 - -15) + -33 - (-4 + -1)?
-2
What is -1 + 6 + (94 - 22 - 74)?
3
What is the value of -20 - -2 - (-59 - -50) - 3?
-12
Evaluate -7 - (-25 - (-2 + (6 - 13))).
9
Calculate -15 - (-18 + (12 - 9)).
0
What is the value of -8 + (-1 - 0) - (4 - (3 + -6))?
-16
-232 + 223 + -1 + 23
13
What is the value of -7 - (-8 + -5 + 3)?
3
What is the value of 0 + -1 + (12 - -3) + -3 + 9?
20
Evaluate -3 - (0 - 2 - (-16 - -19)) - 3.
-1
What is the value of (-1 - -28) + (-29 - -14) + 3?
15
Evaluate -3 + (-14 - (15 + -41)).
9
Evaluate 2 - (-1 - 1) - (-7 + (13 - 14)).
12
What is 2 + 2 + -3 + (2 - 6) + 12?
9
0 + -24 - (8 + (-15 - -2))
-19
What is the value of (-51 + 51 - (-4 - -7 - 2)) + 0?
-1
Calculate 24 + (-21 - -9 - 31).
-19
Evaluate -999 + 1004 - (9 + 1 + 0).
-5
What is 5 - (11 + 10 + (-3 - -3 - 5))?
-11
What is the value of (-9 + -4 - -5) + -5 - 9?
-22
What is -23 + 19 - (23 - 19)?
-8
Evaluate 6 - 0 - (-4 - -7 - (8 + -9)).
2
What is the value of 240 - 208 - (8 + 50)?
-26
Evaluate 24 + (22 - (32 - -13)).
1
Calculate 4 + -4 + 15 - 18.
-3
Calculate -15 - (11 - 24) - 0.
-2
What is -4 + -3 + (-4 - (-19 + 4)) + 11?
15
Calculate 41 + -58 + 32 + (-33 - -1).
-17
Evaluate -7 - ((-6 - -9) + -6 + -2) - -8.
6
What is -26 - (-36 - (36 + -47))?
-1
What is the value of (5 - 33) + (14 - 5 - (-6 - -14))?
-27
Calculate 24 + -12 + 1 - 5 - 6.
2
What is 7 - ((19 - 14) + 12)?
-10
What is -5 + -2 + (-13 - -13) - (-19 + 15)?
-3
Evaluate (-1 - (-1 + 5)) + -36 + (39 - -30).
28
What is -3 - ((18 - 0) + -7)?
-14
What is the value of 15 - 35 - (-7 + -1)?
-12
Calculate 8 + 10 + -30 + 7.
-5
What is -3 - (-4 - (-25 - -17))?
-7
Evaluate (2 - 11) + (1 - (-1 - -5)).
-12
Evaluate 5 - 53 - (19 - 46).
-21
Evaluate ((-15 - -5) + (-2 - -5) - 0) + -4.
-11
Evaluate (-104 - -110) + (-1 - 5) + -8.
-8
Calculate -424 + 431 + (1 + -16 - -1 - -3).
-4
Evaluate (285 - 300) + (-4 - -14).
-5
-26 + (-13 + 27 - -23)
11
Calculate (-15 - -1) + 10 + 0 - 29.
-33
Evaluate -2 - ((1 - -3) + 6 + (23 - 2)).
-33
What is -3 + -46 + 28 - -19?
-2
Evaluate -